
1766
What is the remainder when 6575487 is divided by 2367?
2328
What is the remainder when 74549 is divided by 415?
264
What is the remainder when 21098762 is divided by 47?
39
Calculate the remainder when 280033 is divided by 8104.
4497
Calculate the remainder when 193487 is divided by 2083.
1851
Calculate the remainder when 460643 is divided by 1269.
1265
What is the remainder when 1956329 is divided by 297?
287
What is the remainder when 48252433 is divided by 11?
9
Calculate the remainder when 919102 is divided by 605.
107
What is the remainder when 3217 is divided by 331?
238
What is the remainder when 179052989 is divided by 370?
369
Calculate the remainder when 1901512 is divided by 2314.
1718
What is the remainder when 1186959 is divided by 1703?
1671
Calculate the remainder when 263212 is divided by 8742.
952
Calculate the remainder when 871596 is divided by 4402.
0
Calculate the remainder when 78833 is divided by 625.
83
Calculate the remainder when 69537 is divided by 4683.
3975
Calculate the remainder when 22776 is divided by 1922.
1634
Calculate the remainder when 2336624 is divided by 280.
24
Calculate the remainder when 95195 is divided by 13586.
93
Calculate the remainder when 7387290 is divided by 11.
9
Calculate the remainder when 28697353 is divided by 717433.
33
What is the remainder when 294149 is divided by 2471?
100
What is the remainder when 1106683 is divided by 25?
8
What is the remainder when 54419440 is divided by 11?
9
Calculate the remainder when 39836 is divided by 1538.
1386
Calculate the remainder when 26207967 is divided by 7147.
7065
What is the remainder when 321455 is divided by 64281?
50
Calculate the remainder when 27931836 is divided by 690.
636
Calculate the remainder when 14146370 is divided by 1251.
62
Calculate the remainder when 57734 is divided by 51803.
5931
What is the remainder when 71883 is divided by 53?
15
What is the remainder when 247252 is divided by 17657?
54
Calculate the remainder when 490630 is divided by 490588.
42
What is the remainder when 732156 is divided by 9895?
9821
Calculate the remainder when 23214 is divided by 214.
102
What is the remainder when 300794823 is divided by 185?
178
What is the remainder when 12526686 is divided by 12526574?
112
What is the remainder when 827216 is divided by 4927?
4407
What is the remainder when 182542 is divided by 12994?
626
Calculate the remainder when 252153 is divided by 1025.
3
What is the remainder when 362404038 is divided by 40267115?
3
Calculate the remainder when 354054 is divided by 118015.
9
What is the remainder when 170664 is divided by 12186?
60
Calculate the remainder when 786317 is divided by 786.
317
What is the remainder when 293717919 is divided by 2353?
2341
Calculate the remainder when 344534 is divided by 57268.
926
Calculate the remainder when 112305 is divided by 573.
570
What is the remainder when 377621 is divided by 11?
2
Calculate the remainder when 435625557 is divided by 1654.
1653
Calculate the remainder when 1256312 is divided by 628143.
26
What is the remainder when 29364 is divided by 2616?
588
What is the remainder when 7073724 is divided by 11157?
186
Calculate the remainder when 2716731 is divided by 30525.
6
What is the remainder when 5912 is divided by 247?
231
Calculate the remainder when 264731 is divided by 22039.
263
Calculate the remainder when 3905279 is divided by 1952631.
17
Calculate the remainder when 102318377 is divided by 48.
41
What is the remainder when 65281520 is divided by 32640759?
2
Calculate the remainder when 830086 is divided by 830079.
7
Calculate the remainder when 24553907 is divided by 379.
13
Calculate the remainder when 3289053 is divided by 1299.
1284
Calculate the remainder when 59543 is divided by 10610.
6493
What is the remainder when 491568 is divided by 20478?
96
What is the remainder when 64934783 is divided by 288?
287
Calculate the remainder when 1976418050 is divided by 397.
396
Calculate the remainder when 77011 is divided by 4813.
3
Calculate the remainder when 15234075 is divided by 1191.
1185
Calculate the remainder when 8394622 is divided by 84.
82
What is the remainder when 3905637 is divided by 14907?
3
What is the remainder when 13462765 is divided by 125?
15
Calculate the remainder when 210203 is divided by 3233.
58
Calculate the remainder when 11606208 is divided by 11606196.
12
Calculate the remainder when 8484193 is divided by 8484178.
15
Calculate the remainder when 437145 is divided by 145668.
141
What is the remainder when 837609 is divided by 2407?
2380
Calculate the remainder when 77403 is divided by 15438.
213
Calculate the remainder when 14201 is divided by 384.
377
Calculate the remainder when 921166 is divided by 921158.
8
What is the remainder when 2646047 is divided by 64528?
399
What is the remainder when 22115 is divided by 165?
5
What is the remainder when 110017060 is divided by 29?
21
What is the remainder when 48120 is divided by 1860?
1620
What is the remainder when 818408 is divided by 42?
38
Calculate the remainder when 65261 is divided by 1919.
15
Calculate the remainder when 613431654 is divided by 314.
312
Calculate the remainder when 16758948 is divided by 43.
42
Calculate the remainder when 20740 is divided by 6357.
1669
Calculate the remainder when 182944 is divided by 783.
505
What is the remainder when 5546204 is divided by 1216?
28
Calculate the remainder when 132488 is divided by 14707.
125
What is the remainder when 724094 is divided by 7631?
6780
Calculate the remainder when 434121 is divided by 144426.
843
Calculate the remainder when 4156309 is divided by 94.
5
Calculate the remainder when 180589 is divided by 1825.
1739
What is the remainder when 35351 is divided by 8703?
539
What is the remainder when 161120419 is divided by 567?
565
What is the remainder when 1184382 is divided by 197357?
240
Calculate the remainder when 3495 is divided by 942.
669
What is the remainder when 1315890 is divided by 1103?
11
Calculate the remainder when 1960610 is divided by 1960601.
9
Calculate the remainder when 708547 is divided by 245.
7
What is the remainder when 12741258 is divided by 596?
566
What is the remainder when 12614846 is divided by 2910?
2906
What is the remainder when 29124 is divided by 979?
733
Calculate the remainder when 729612 is divided by 121561.
246
What is the remainder when 29478269 is divided by 185?
184
What is the remainder when 12750444 is divided by 142?
122
Calculate the remainder when 12260 is divided by 639.
119
What is the remainder when 95838 is divided by 464?
254
What is the remainder when 27385 is divided by 2171?
1333
What is the remainder when 917909 is divided by 630?
629
Calculate the remainder when 9910055 is divided by 270.
245
What is the remainder when 159211291 is divided by 669?
664
Calculate the remainder when 4756755 is divided by 468.
3
What is the remainder when 418413 is divided by 67996?
10437
Calculate the remainder when 1202047 is divided by 25574.
69
Calculate the remainder when 24970520 is divided by 37.
34
What is the remainder when 8059488 is divided by 9?
6
Calculate the remainder when 10063992 is divided by 76.
72
Calculate the remainder when 1154024 is divided by 133.
116
What is the remainder when 8374606 is divided by 1362?
1030
What is the remainder when 474280 is divided by 1135?
985
Calculate the remainder when 579361 is divided by 27588.
13
Calculate the remainder when 62391499 is divided by 158354.
23
What is the remainder when 11091300 is divided by 147884?
0
What is the remainder when 2973181 is divided by 1608?
1597
Calculate the remainder when 31176899 is divided by 10392299.
2
What is the remainder when 95771 is divided by 1388?
1387
What is the remainder when 69987 is divided by 1286?
543
What is the remainder when 221008114 is divided by 28?
26
Calculate the remainder when 165856191 is divided by 63.
60
What is the remainder when 1025725 is divided by 237?
226
Calculate the remainder when 1335136 is divided by 1335134.
2
Calculate the remainder when 391623 is divided by 13504.
7
Calculate the remainder when 865296 is divided by 260.
16
Calculate the remainder when 1448055 is divided by 1314.
27
Calculate the remainder when 12446 is divided by 606.
326
